
30
What is the highest common factor of 337275 and 80175?
75
Calculate the highest common factor of 102333518 and 58.
58
Calculate the highest common factor of 12238 and 3364.
58
Calculate the highest common factor of 146 and 16894098.
146
Calculate the greatest common factor of 71549100 and 410.
410
Calculate the greatest common factor of 5692560 and 480.
240
Calculate the greatest common divisor of 35782668 and 7380.
1476
Calculate the highest common factor of 237121 and 6313.
59
Calculate the greatest common divisor of 6032257 and 2926.
77
What is the greatest common factor of 139313256 and 10416?
744
Calculate the greatest common factor of 7122048 and 2069376.
6528
Calculate the greatest common divisor of 7730740 and 20.
20
What is the greatest common divisor of 327389780 and 40?
20
Calculate the highest common divisor of 552 and 79951312.
184
Calculate the highest common divisor of 912 and 29832964.
76
Calculate the highest common factor of 299712750 and 1125.
375
Calculate the highest common divisor of 74386102 and 1064.
266
Calculate the highest common factor of 30861 and 116154.
243
What is the greatest common divisor of 3937210 and 730?
10
What is the highest common factor of 3555635 and 3658?
59
What is the highest common divisor of 7004 and 899572?
68
What is the highest common divisor of 8823166 and 22?
22
What is the greatest common factor of 57509 and 114?
1
What is the highest common factor of 5300985 and 11817?
303
What is the greatest common factor of 719076 and 7998?
186
Calculate the highest common divisor of 7568 and 2412784.
176
What is the highest common factor of 320240 and 4720?
80
What is the greatest common divisor of 6329 and 304291991?
6329
What is the greatest common divisor of 10073300 and 600?
100
Calculate the greatest common factor of 77580597 and 8178.
4089
Calculate the highest common divisor of 113306 and 3620.
362
Calculate the highest common factor of 54271599 and 867.
867
Calculate the highest common factor of 792 and 239904.
72
Calculate the greatest common divisor of 1767 and 51398031.
93
What is the highest common divisor of 20073675 and 450?
75
What is the highest common factor of 15970400 and 1600?
800
Calculate the greatest common factor of 296 and 26760472.
296
Calculate the greatest common divisor of 47411335 and 16454.
433
What is the highest common factor of 49800 and 900525?
75
What is the greatest common factor of 3848 and 175494848?
296
What is the highest common divisor of 35828 and 106260336?
2756
What is the greatest common divisor of 5712 and 4402592?
272
Calculate the greatest common factor of 94075 and 1102225.
25
Calculate the highest common factor of 982740 and 33120.
60
What is the highest common divisor of 1140 and 111734250?
570
What is the greatest common divisor of 745231822 and 85?
17
What is the highest common factor of 9024247 and 6559?
937
Calculate the greatest common factor of 1442 and 162777286.
1442
Calculate the greatest common divisor of 3033 and 405623310.
1011
What is the greatest common factor of 9135 and 565965?
45
Calculate the greatest common factor of 1311 and 528732.
57
Calculate the greatest common divisor of 28112 and 65130233.
1757
Calculate the highest common divisor of 3608 and 71791738.
82
What is the highest common factor of 3085 and 691945?
5
Calculate the greatest common divisor of 506 and 3062818.
506
Calculate the highest common factor of 23 and 117987171.
23
Calculate the greatest common factor of 116 and 15101257.
29
Calculate the highest common divisor of 10419 and 5578167.
69
Calculate the highest common divisor of 7892094 and 168.
42
What is the highest common divisor of 33 and 422214?
3
Calculate the greatest common factor of 31301 and 19208011.
277
What is the highest common factor of 253908 and 1044?
36
Calculate the greatest common factor of 18 and 78031614.
6
What is the greatest common divisor of 236802 and 262035?
1941
What is the highest common divisor of 118218912 and 684?
228
Calculate the highest common factor of 2061215 and 323.
19
Calculate the highest common divisor of 112 and 63697632.
16
What is the highest common divisor of 1034227329 and 2151?
717
Calculate the highest common divisor of 11744 and 12287894.
734
What is the greatest common divisor of 185 and 12599203?
37
What is the highest common divisor of 12824 and 12516?
28
Calculate the highest common factor of 1188 and 18741591.
297
What is the greatest common divisor of 30891 and 155342013?
4413
What is the greatest common factor of 1319887 and 31?
31
Calculate the greatest common factor of 80760123 and 9.
9
Calculate the greatest common divisor of 35632 and 12130862.
262
Calculate the greatest common factor of 255 and 211220.
5
Calculate the greatest common factor of 10676068 and 33444.
3716
What is the greatest common divisor of 5425882 and 462?
154
Calculate the greatest common factor of 17169039 and 7439.
173
What is the greatest common divisor of 4584852 and 35568?
684
What is the highest common factor of 36 and 2321958?
6
What is the highest common factor of 1144216 and 10048?
1256
Calculate the greatest common factor of 55752895 and 165.
55
Calculate the greatest common divisor of 53 and 38495861.
53
What is the greatest common divisor of 63244673 and 38457?
4273
What is the highest common divisor of 3770 and 221400790?
3770
What is the highest common divisor of 154116 and 7236?
108
Calculate the highest common factor of 27550600 and 18900.
700
Calculate the highest common factor of 11 and 232171687.
11
What is the greatest common factor of 28 and 539656068?
28
What is the highest common factor of 878590 and 110210?
1030
Calculate the highest common factor of 5 and 837325.
5
Calculate the highest common divisor of 175970 and 375.
5
Calculate the greatest common divisor of 9765035 and 21.
7
Calculate the greatest common divisor of 252895328 and 224.
224
What is the highest common factor of 32064 and 590592?
192
What is the greatest common factor of 244620 and 115062?
906
What is the greatest common factor of 3705 and 2537545?
95
Calculate the highest common factor of 1221200 and 378288.
1136
What is the highest common factor of 172 and 6047434?
86
Calculate the greatest common divisor of 7643 and 2605643917.
7643
Calculate the highest common factor of 15940 and 481940.
20
What is the greatest common divisor of 11647551 and 6436?
1609
Calculate the greatest common factor of 221 and 5798351.
13
What is the highest common factor of 373704 and 670864?
184
Calculate the highest common factor of 12743877 and 959.
137
Calculate the greatest common factor of 364572 and 66215.
779
Calculate the greatest common divisor of 195877272 and 384.
24
Calculate the highest common factor of 19999585 and 10.
5
What is the greatest common divisor of 46131765 and 410?
205
What is the highest common divisor of 710325 and 2800259?
3157
Calculate the greatest common factor of 1671 and 1929.
3
What is the greatest common factor of 4591665 and 29610?
2115
What is the greatest common divisor of 18626 and 324682?
134
Calculate the greatest common factor of 192 and 1199936.
64
Calculate the highest common factor of 5511162 and 85.
17
Calculate the highest common divisor of 21052 and 38479732.
1108
What is the greatest common divisor of 245337 and 208305?
4629
What is the highest common divisor of 61 and 226648611?
61
What is the highest common divisor of 38448 and 7648482?
534
What is the highest common factor of 94586 and 30?
2
What is the highest common factor of 41219325 and 7?
7
What is the highest common divisor of 1501893911 and 413?
413
Calculate the highest common factor of 11340 and 329403.
3
What is the greatest common divisor of 1503 and 203442573?
501
What is the highest common factor of 342410 and 9279990?
970
Calculate the highest common divisor of 25833 and 210261.
327
What is the greatest common factor of 64 and 51955312?
16
Calculate the highest common factor of 314650 and 7070.
70
What is the highest common factor of 1677932 and 16?
4
What is the greatest common factor of 9514 and 14975462?
142
What is the highest common divisor of 2930061180 and 5780?
5780
What is the highest common divisor of 259948125 and 75?
75
What is the greatest common factor of 623 and 16024539?
89
